le of 11?
True
Is 215200 a multiple of 16?
True
Is 17138 a multiple of 11?
True
Is 2082415 a multiple of 5?
True
Is 358 a factor of 344396?
True
Is 72 a factor of 746187?
False
Is 82 a factor of 46697?
False
Is 260 a factor of 3742180?
True
Is 322875 a multiple of 205?
True
Does 98 divide 718919?
False
Is 120428 a multiple of 2?
True
Is 51 a factor of 43299?
True
Does 91 divide 39291?
False
Does 81 divide 158182?
False
Does 11 divide 1768311?
False
Is 13 a factor of 47245?
False
Is 97441 a multiple of 960?
False
Does 6 divide 555685?
False
Is 290989 a multiple of 3?
False
Is 2942508 a multiple of 455?
False
Is 4216022 a multiple of 215?
False
Is 13 a factor of 132370?
False
Does 27 divide 115449?
False
Does 159 divide 13723608?
True
Is 422 a factor of 2929946?
True
Is 586512 a multiple of 16?
True
Does 15 divide 718257?
False
Is 12657327 a multiple of 55?
False
Does 161 divide 59287?
False
Is 114 a factor of 38076?
True
Is 13551 a multiple of 3?
True
Is 178093 a multiple of 33?
False
Is 154 a factor of 372680?
True
Is 1990737 a multiple of 27?
True
Is 2007291 a multiple of 143?
True
Does 307 divide 5758092?
True
Is 18 a factor of 370714?
False
Does 157 divide 1418495?
True
Does 19 divide 12013?
False
Does 80 divide 668000?
True
Is 31 a factor of 7285186?
True
Does 1161 divide 5093562?
False
Is 347009 a multiple of 78?
False
Is 2628240 a multiple of 21?
False
Is 9 a factor of 41985?
True
Is 621878 a multiple of 21?
False
Does 55 divide 242660?
True
Is 13 a factor of 6275?
False
Does 239 divide 46127?
True
Is 1898 a factor of 7419282?
True
Is 33248 a multiple of 299?
False
Is 101 a factor of 23563?
False
Is 33 a factor of 3528517?
False
Is 106491 a multiple of 33?
True
Is 6165072 a multiple of 13?
False
Is 8 a factor of 924615?
False
Is 4202514 a multiple of 465?
False
Is 2414699 a multiple of 339?
False
Is 44346 a multiple of 114?
True
Is 230502 a multiple of 41?
True
Does 8 divide 678240?
True
Does 87 divide 899211?
False
Does 26 divide 8502?
True
Does 25 divide 2024004?
False
Is 13 a factor of 34502?
True
Is 722 a factor of 1293824?
True
Is 75396 a multiple of 122?
True
Is 3229749 a multiple of 69?
False
Is 140346 a multiple of 23?
True
Does 149 divide 29058427?
True
Does 499 divide 3286913?
True
Does 64 divide 14053?
False
Is 10 a factor of 246628?
False
Is 353274 a multiple of 18?
False
Is 164 a factor of 226812?
True
Does 13 divide 45825?
True
Does 366 divide 964410?
True
Is 105 a factor of 21253856?
False
Is 11580740 a multiple of 34?
True
Is 1788244 a multiple of 19?
False
Does 3 divide 16921?
False
Is 293 a factor of 127162?
True
Is 22 a factor of 2751518?
True
Is 48778 a multiple of 58?
True
Is 175 a factor of 1099875?
True
Is 435655 a multiple of 43?
False
Does 12 divide 345597?
False
Does 5 divide 7496940?
True
Does 387 divide 213842?
False
Is 4271132 a multiple of 9?
False
Is 116688 a multiple of 143?
True
Is 2218681 a multiple of 11?
False
Is 90 a factor of 4165062?
False
Does 9 divide 28180?
False
Is 226306 a multiple of 11?
False
Is 9 a factor of 180234?
True
Does 185 divide 3635250?
True
Is 88 a factor of 2566432?
True
Is 16 a factor of 209319?
False
Is 150 a factor of 13396263?
False
Is 9 a factor of 265955?
False
Does 271 divide 2106754?
True
Is 1692711 a multiple of 141?
False
Is 15 a factor of 12511530?
True
Is 77 a factor of 685918?
False
Is 54 a factor of 219834?
True
Is 95 a factor of 278915?
False
Does 120 divide 941520?
True
Is 542 a factor of 4583694?
True
Is 29 a factor of 24234372?
True
Does 50 divide 243750?
True
Does 21 divide 35865?
False
Is 74 a factor of 7770?
True
Is 46 a factor of 1008918?
True
Is 1816836 a multiple of 698?
False
Is 2041 a multiple of 150?
False
Is 839002 a multiple of 420?
False
Is 1602475 a multiple of 25?
True
Is 2072368 a multiple of 34?
True
Does 143 divide 334010?
False
Is 110494 a multiple of 14?
False
Is 89936 a multiple of 7?
True
Is 9281049 a multiple of 297?
False
Is 1583740 a multiple of 77?
False
Does 33 divide 480645?
True
Does 80 divide 933440?
True
Is 534375 a multiple of 475?
True
Does 30 divide 50157?
False
Does 242 divide 575234?
True
Is 2818472 a multiple of 59?
False
Is 42 a factor of 116838?
False
Does 165 divide 250470?
True
Is 15564509 a multiple of 114?
False
Is 10459258 a multiple of 538?
True
Is 12 a factor of 24564?
True
Is 27813 a multiple of 34?
False
Does 245 divide 3749974?
False
Does 13 divide 8052279?
False
Is 55 a factor of 554015?
True
Is 3520 a multiple of 10?
True
Does 1168 divide 4200128?
True
Is 2655 a multiple of 3?
True
Does 11 divide 152867?
True
Is 25 a factor of 363168?
False
Does 16 divide 34855?
False
Is 90103 a multiple of 377?
True
Does 96 divide 213120?
True
Is 1159448 a multiple of 305?
False
Is 1998 a factor of 3878403?
False
Does 50 divide 1753721?
False
Does 5 divide 35642?
False
Does 730 divide 6843230?
False
Is 845493 a multiple of 136?
False
Is 34451 a multiple of 47?
True
Is 1720810 a multiple of 610?
True
Is 148680 a multiple of 30?
True
Does 14 divide 166196?
False
Does 12 divide 5361293?
False
Is 3 a factor of 4658?
False
Is 620 a factor of 1645480?
True
Is 7545951 a multiple of 316?
False
Does 4 divide 795805?
False
Is 452 a factor of 1773196?
True
Is 128 a factor of 1170816?
True
Is 4372536 a multiple of 51?
True
Is 44 a factor of 137324?
True
Is 12193335 a multiple of 1787?
False
Is 57 a factor of 90926?
False
Does 4 divide 81673?
False
Is 5 a factor of 50572?
False
Is 62 a factor of 92132?
True
Does 779 divide 2197559?
True
Is 463 a factor of 2715958?
True
Does 15 divide 151785?
True
Is 58 a factor of 77506?
False
Is 350285 a multiple of 3?
False
Is 1243800 a multiple of 120?
True
Does 17 divide 5054661?
True
Is 1917530 a multiple of 1138?
True
Is 302974 a multiple of 14?
True
Does 139 divide 173483?
False
Is 3174 a multiple of 6?
True
Is 7 a factor of 143338?
False
Is 127 a factor of 1273556?
True
Is 93 a factor of 167343?
False
Is 79209 a multiple of 345?
False
Is 4 a factor of 144936?
True
Does 256 divide 140032?
True
Is 4242969 a multiple of 5?
False
Does 55 divide 1810380?
True
Does 21 divide 173964?
True
Is 98 a factor of 182084?
True
Is 1137912 a multiple of 24?
True
Is 26976331 a multiple of 454?
False
Is 122 a factor of 721117?
False
Is 55 a factor of 340357?
False
Is 280160 a multiple of 206?
True
Is 22520910 a multiple of 514?
True
Is 242560 even?
True
Does 5 divide 70093?
False
Is 4121077 a multiple of 659?
False
Is 584651 a multiple of 79?
False
Is 5 a factor of 153610?
True
Is 13323163 a multiple of 107?
False
Is 62 a factor of 10664?
True
Is 14 a factor of 2276757?
False
Does 22 divide 1166946?
True
Is 3234792 a multiple of 33?
True
Is 448 a factor of 1261568?
True
Is 19 a factor of 484462?
True
Is 3669525 a multiple of 214?
False
Is 212023 a multiple of 114?
False
Does 54 divide 11016?
True
Does 4 divide 105976?
True
Is 16338 a multiple of 5?
False
Does 144 divide 9419616?
True
Does 74 divide 652957?
False
Is 12 a factor of 55032?
True
Is 927360 a multiple of 161?
True
Is 113 a factor of 2038520?
True
Does 100 divide 1672613?
False
Does 4 divide 42285?
False
Is 263142 a multiple of 6?
True
Is 4381064 a multiple of 838?
True
Does 287 divide 28983?
False
Is 12 a factor of 2165664?
True
Is 187147 a multiple of 73?
False
Does 559 divide 104533?
True
Does 57 divide 57855?
True
Is 56 a factor of 1241036?
False
Is 47 a factor of 71111?
True
Is 1852305 a multiple of 59?
True
Is 5 a factor of 334502?
False
Is 3 a factor of 1679998?
False
Is 726082 a multiple of 434?
True
Is 65283 a multiple of 47?
True
Is 265 a factor of 69666?
False
Does 7 divide 1098734?
True
Does 52 divide 305032?
True
Is 5406009 a multiple of 889?
True
Is 96 a factor of 5356295?
False
Is 151 a factor of 2718?
True
Is 11612883 a multiple of 21?
False
Is 896 a factor of 3775744?
True
Does 71 divide 182313?
False
Is 2293560 a multiple of 23?
True
Does 19 divide 15255461?
True
Does 334 divide 637940?
True
Is 105781 a multiple of 27?
False
Is 17006 a multiple of 11?
True
Does 106 divide 97838?
True
Is 900942 a multiple of 559?
False
Is 2092180 a multiple of 1433?
True
Is 344 a factor of 25412312?
True
Does 514 divide 125041?
False
Is 114031 a multiple of 53?
False
Does 10 divide 64620?
True
Is 11 a factor of 78061?
False
Is 2474537 a multiple of 21?
Fa